.
-22
Let d(l) = -159*l - 46843. Determine d(-299).
698
Let d(x) = 636*x - 7015. Calculate d(9).
-1291
Let n(r) = -68*r + 6528. What is n(95)?
68
Let t(x) = x**3 - 62*x**2 + 48*x + 1230. What is t(61)?
437
Let j(n) = n**3 + 10*n**2 + 6*n - 16. Determine j(-7).
89
Let x(l) = -l**2 + 746*l + 674456. Calculate x(1275).
-19
Let w(y) = 16938*y - 135512. Determine w(8).
-8
Let w(i) = i**3 + 95*i**2 - 198*i - 10074. What is w(-96)?
-282
Let c(o) = -3034*o - 21708. Give c(-7).
-470
Let c(f) = -7070*f - 169690. Calculate c(-24).
-10
Let x(b) = b**3 + 242*b**2 - 1055*b - 197311. Calculate x(-243).
5
Let i(f) = 573*f**2 + 218884*f - 728. Give i(-382).
36
Let a(q) = 2*q**3 - 10*q**2 + 140*q + 815. Determine a(-6).
-817
Let t(y) = y**2 + 7*y - 1093. What is t(33)?
227
Let y(m) = m**3 + 74*m**2 + 132*m - 986. Determine y(-72).
-122
Let d(i) = 14105*i + 1156616. Determine d(-82).
6
Let g(k) = 295*k + 10172. Give g(-35).
-153
Let f(d) = -2*d**3 + 2*d**2 - 3*d - 35. Determine f(-7).
770
Let j(y) = 5862*y - 715198. Give j(122).
-34
Let s(x) = 103*x**2 - 3192*x - 93. Calculate s(31).
-62
Let g(b) = b**2 - 83336*b - 500060. Give g(-6).
-8
Let v(a) = -207*a + 30256. What is v(146)?
34
Let j(q) = q**3 - 332*q**2 - 1716*q + 10455. Determine j(337).
8
Let i(t) = 258046*t + 1290240. What is i(-5)?
10
Let s(g) = -g**3 + 80*g**2 + 830*g - 272. What is s(89)?
2309
Let g(s) = s**2 - 113965*s - 1253750. Calculate g(-11).
-14
Let w(g) = -1104*g - 11080. What is w(-10)?
-40
Let s(q) = 3*q**3 + 91*q**2 - 2842. What is s(-29)?
522
Let s(p) = -12*p**2 + 1956*p - 1956. What is s(1)?
-12
Let i(d) = -d**3 + 131*d**2 + 135*d - 17640. What is i(131)?
45
Let j(n) = 160*n**2 - 483*n - 25. What is j(3)?
-34
Let k(j) = j**3 + 26*j**2 - 367*j - 321. Give k(-36).
-69
Let n(a) = 3*a**3 - 25*a**2 + 74*a - 1805. Give n(11).
-23
Let m(f) = -5*f**3 - 443*f**2 - 245*f + 39227. What is m(-87)?
-10
Let g(q) = -3*q**2 - 91877*q - 2019832. Determine g(-22).
10
Let a(d) = d**3 - 86*d**2 + 1118*d + 176. Determine a(70).
36
Let h(m) = 89*m + 96. Calculate h(-3).
-171
Let q(u) = -275*u - 8838. Determine q(-32).
-38
Let v(y) = -77160*y + 2006158. Calculate v(26).
-2
Let i(z) = 507*z + 47781. What is i(-97)?
-1398
Let i(o) = -18*o**3 - 364*o**2 - 73*o + 149. Calculate i(-20).
9
Let w(z) = -4*z**2 - 420*z - 1521. Calculate w(-101).
95
Let h(d) = -2*d**3 + 657*d**2 - 34646*d - 256. Calculate h(66).
8
Let v(i) = -4*i**3 - 42*i**2 + 65*i + 621. What is v(-9)?
-450
Let l(u) = 14*u**3 + 2*u**2 - 164*u + 830. Determine l(6).
2942
Let t(b) = -21*b**3 - 8*b**2 - 29*b - 18. What is t(-3)?
564
Let m(a) = -21780*a + 65403. Determine m(3).
63
Let q(i) = -19*i**2 + 69*i - 143. Determine q(16).
-3903
Let x(a) = 713*a - 1824. Give x(6).
2454
Let g(i) = -10*i**2 + 662*i - 407. Give g(65).
373
Let i(z) = 77*z**2 - 3043*z - 139. Give i(39).
-1699
Let t(d) = d**3 - 5*d**2 - 17646*d + 141061. What is t(8)?
85
Let b(c) = -6*c**2 + 202*c + 7862. What is b(-25)?
-938
Let b(f) = -62695*f + 188099. Give b(3).
14
Let y(d) = -d**2 - 1340*d - 94892. What is y(-75)?
-17
Let q(r) = -2*r**3 - 21*r**2 - 99*r + 26. What is q(-10)?
916
Let f(x) = -x**3 - 267*x**2 + 1319*x + 227. Determine f(5).
22
Let n(d) = -d**3 + 23*d**2 - 59*d + 69. Calculate n(14).
1007
Let g(v) = 82316*v - 1152389. Determine g(14).
35
Let s(d) = -476*d - 44260. Give s(-93).
8
Let l(a) = 34365*a + 206695. Give l(-6).
505
Let i(z) = z**3 + 74*z**2 + 531*z + 495. Determine i(-66).
297
Let c(x) = -106*x**2 + 4661*x + 68. Calculate c(44).
-64
Let v(w) = 1011*w**2 + 119299*w + 125. Calculate v(-118).
7
Let w(f) = -3514*f**2 + 31630*f - 31. What is w(9)?
5
Let o(k) = -k**3 + 16*k**2 - 33*k + 224. Give o(9).
494
Let b(i) = i**2 + 1206*i + 28368. Give b(-24).
0
Let v(t) = 7*t**3 - 704*t**2 + 403*t - 293. Determine v(100).
7
Let a(t) = -15*t**2 + 3541*t + 10613. Determine a(239).
97
Let u(y) = 2*y**3 - 47*y**2 - 45*y + 366. Calculate u(24).
-138
Let b(s) = s**2 - 25558*s - 2308317. Give b(-90).
3
Let x(j) = 7*j**2 + 44739*j - 134308. What is x(3)?
-28
Let c(k) = 1471*k - 382461. Calculate c(260).
-1
Let c(m) = -9*m**2 - 24838*m - 49674. Determine c(-2).
-34
Let i(r) = -r**3 - 166*r**2 - 5819*r - 2240. What is i(-116)?
-36
Let p(c) = -53*c**3 - 2968*c**2 - 2*c - 69. Determine p(-56).
43
Let f(t) = -6*t**2 + 5012*t + 45590. What is f(-9)?
-4
Let q(y) = 2*y**2 + 475*y - 1884. Give q(4).
48
Let z(l) = 2*l**2 + 220*l - 2780. Calculate z(12).
148
Let w(u) = -u**2 + 4067*u - 145120. What is w(36)?
-4
Let l(z) = 2257*z + 236980. What is l(-105)?
-5
Let r(m) = 56*m - 7971. What is r(142)?
-19
Let y(g) = 522*g - 21905. What is y(42)?
19
Let i(b) = -4*b**3 + 68*b**2 + 301*b + 25. What is i(-5)?
720
Let h(n) = 2*n**3 + 11*n**2 + 1028*n + 45991. What is h(-24)?
7
Let o(r) = -6261*r - 25029. Determine o(-4).
15
Let f(z) = -z**2 + 17701*z + 762974. Calculate f(-43).
-18
Let o(n) = 362*n - 91209. Calculate o(252).
15
Let z(q) = -784*q**2 - 29003*q + 176. Determine z(-37).
-9
Let y(u) = -8150*u - 16295. Calculate y(-2).
5
Let x(h) = -31973*h - 127888. Give x(-4).
4
Let k(b) = 8582*b - 26769. Determine k(3).
-1023
Let o(v) = 5080*v - 25405. Calculate o(5).
-5
Let f(v) = 1848*v + 14790. Calculate f(-7).
1854
Let s(q) = 746*q - 77462. Calculate s(104).
122
Let v(r) = 29*r**3 + 242*r**2 + 460*r - 2. What is v(-5)?
123
Let s(x) = -4*x**2 + 592*x + 30199. Give s(-40).
119
Let f(b) = -5*b**3 - 73*b**2 + 141*b + 162. Determine f(-16).
-302
Let r(t) = -t**3 - 78*t**2 + 116*t + 20168. Determine r(-76).
-200
Let t(q) = -q**2 + 10009*q + 130314. What is t(-13)?
28
Let g(v) = -2*v**3 + 237*v**2 + 838*v + 1947. What is g(122)?
-5
Let j(k) = -2*k**3 + k**2 + 633*k - 38. Calculate j(18).
16
Let f(n) = 15*n**3 + 2233*n**2 - 318*n - 3003. Calculate f(-149).
-23
Let a(f) = -1569*f + 1607. Calculate a(1).
38
Let w(z) = 2*z**3 + 59*z**2 + 453*z - 13. Give w(-9).
-769
Let x(h) = -78*h**3 - 543*h**2 + 123*h + 719. Determine x(-7).
5
Let g(i) = 70520*i + 846246. Determine g(-12).
6
Let n(d) = -1167*d + 82. What is n(5)?
-5753
Let o(k) = 478*k**2 + 5290*k - 5292. Give o(1).
476
Let d(g) = 5*g**2 - 27*g - 92. Calculate d(-4).
96
Let u(w) = 13*w**2 - 37441*w + 186882. Give u(5).
2
Let g(d) = -24044*d - 288527. Determine g(-12).
1
Let j(m) = m**3 - 29*m**2 - 34*m + 1866. Determine j(27).
-510
Let o(c) = -902*c + 354396. Determine o(393).
-90
Let p(d) = 2*d**3 - 7*d**2 + 485*d - 2546. Calculate p(5).
-46
Let p(o) = -3*o**2 + 14*o + 37. Give p(-12).
-563
Let r(d) = -10485*d - 671071. What is r(-64)?
-31
Let n(v) = -v**2 + 24*v + 12211. Determine n(-99).
34
Let v(a) = a**2 + 4120*a - 91287. Calculate v(22).
-163
Let r(x) = -x**3 - 22*x**2 - 899*x - 15406. Determine r(-18).
-520
Let o(x) = 29*x**2 + 1482*x - 253. What is o(-52)?
1099
Let f(x) = x**2 - 174*x + 7548. Determine f(82).
4
Let u(a) = 2*a**3 + 128*a**2 + 251*a + 356. What is u(-62)?
170
Let m(w) = -233*w + 5813. Determine m(26).
-245
Let p(d) = 55*d**2 - 103849*d - 207696. What is p(-2)?
222
Let n(t) = -44*t**2 - 30*t + 504. Determine n(3).
18
Let r(v) = v**2 - 51*v + 739. Give r(39).
271
Let a(f) = -f**2 - 1171*f - 6978. What is a(-6)?
12
Let g(m) = 3*m**3 + 51*m**2 - 51*m - 223. Determine g(-18).
-277
Let v(w) = -12*w**2 + 9324*w - 37296. Determine v(4).
-192
Let g(p) = p**3 + 2*p**2 + 217*p + 5503. What is g(-17)?
-2521
Let y(m) = -14*m**3 + 41*m**2 + 426*m - 466. Calculate y(1).
-13
Let s(q) = 5*q**2 + 27437*q + 54878. What is s(-2)?
24
Let a(h) = 2523*h + 1814037. Give a(-719).
0
Let n(b) = 468*b + 11616. Give n(-24).
384
Let a(j) = 4105*j - 196513. Calculate a(48).
527
Let c(i) = -13*i**2 + 67*i + 787. Give c(-9).
-869
Let n(l) = -l**3 - 22*l**2 - 156*l - 77. Give n(-13).
430
Let o(i) = -2932*i + 1348724. Determine o(460).
4
Let c(s) = s**2 - 42640*s - 767842. Give c(-18).
2
Let i(x) = -63870*x - 1468993. Give i(-23).
17
Let r(l) = -l**2 - 752*l + 61991. Give r(75).
-34
Let h(l) = 369*l - 3729. Determine h(10).
-39
Let d(g) = 8696*g + 86942. Give d(-10).
-18
Let r(y) = 750*y**3 - 8*y**2 - 763*y + 770. What is r(1)?
749
Let w(u) = 461250*u + 14759998. Determine w(-32).
-2
Let t(a) = 2*a**3 - 32*a**2 - 91*a + 1. Give t(15).
-1814
Let n(z) = 10377*z - 103804. What is n(10)?
-34
Let h(q) = 114*q + 10747. Determine h(-89).
601
Let o(y) = 5*y**2 - 13*y - 468.